er when 1963 is divided by 183?
133
What is the remainder when 22087 is divided by 851?
812
What is the remainder when 474 is divided by 11?
1
What is the remainder when 23124 is divided by 2567?
21
What is the remainder when 63086 is divided by 15?
11
What is the remainder when 9758 is divided by 223?
169
Calculate the remainder when 5047 is divided by 1200.
247
Calculate the remainder when 833 is divided by 8.
1
Calculate the remainder when 7413 is divided by 1215.
123
What is the remainder when 18287 is divided by 1075?
12
Calculate the remainder when 22380 is divided by 1181.
1122
Calculate the remainder when 39281 is divided by 1.
0
What is the remainder when 659173 is divided by 1192?
1189
Calculate the remainder when 20093 is divided by 10.
3
What is the remainder when 2100 is divided by 650?
150
Calculate the remainder when 362483 is divided by 120822.
17
What is the remainder when 29421 is divided by 73?
2
Calculate the remainder when 3460 is divided by 167.
120
Calculate the remainder when 109459 is divided by 421.
420
What is the remainder when 23157 is divided by 140?
57
Calculate the remainder when 18884 is divided by 13.
8
What is the remainder when 49491 is divided by 8245?
21
What is the remainder when 702 is divided by 78?
0
Calculate the remainder when 763950 is divided by 103.
102
Calculate the remainder when 614 is divided by 5.
4
What is the remainder when 178153 is divided by 22?
19
Calculate the remainder when 11498 is divided by 204.
74
What is the remainder when 420279 is divided by 362?
359
What is the remainder when 335295 is divided by 31?
30
What is the remainder when 1525 is divided by 373?
33
What is the remainder when 5400 is divided by 1321?
116
What is the remainder when 11508 is divided by 2877?
0
Calculate the remainder when 1415 is divided by 1319.
96
What is the remainder when 84247 is divided by 524?
407
Calculate the remainder when 735 is divided by 240.
15
Calculate the remainder when 39144 is divided by 167.
66
Calculate the remainder when 4175 is divided by 2052.
71
Calculate the remainder when 9977 is divided by 221.
32
Calculate the remainder when 239509 is divided by 61.
23
Calculate the remainder when 2981 is divided by 82.
29
Calculate the remainder when 577803 is divided by 237.
234
Calculate the remainder when 627107 is divided by 1170.
1157
What is the remainder when 3981 is divided by 16?
13
Calculate the remainder when 6556 is divided by 106.
90
What is the remainder when 181712 is divided by 7?
6
Calculate the remainder when 5312 is divided by 5282.
30
Calculate the remainder when 45817 is divided by 498.
1
Calculate the remainder when 225766 is divided by 1764.
1738
What is the remainder when 4265 is divided by 36?
17
Calculate the remainder when 19878 is divided by 155.
38
What is the remainder when 2663 is divided by 338?
297
What is the remainder when 3818 is divided by 697?
333
Calculate the remainder when 3219 is divided by 28.
27
Calculate the remainder when 58082 is divided by 370.
362
Calculate the remainder when 413806 is divided by 206897.
12
What is the remainder when 18982 is divided by 18935?
47
What is the remainder when 2480 is divided by 826?
2
Calculate the remainder when 878 is divided by 875.
3
Calculate the remainder when 5041 is divided by 902.
531
What is the remainder when 185205 is divided by 1518?
9
What is the remainder when 204 is divided by 23?
20
Calculate the remainder when 2084 is divided by 72.
68
What is the remainder when 1180214 is divided by 1007?
10
Calculate the remainder when 3587 is divided by 3581.
6
What is the remainder when 1400 is divided by 507?
386
Calculate the remainder when 5298 is divided by 22.
18
What is the remainder when 33757 is divided by 11169?
250
What is the remainder when 7092 is divided by 122?
16
What is the remainder when 2385 is divided by 889?
607
What is the remainder when 4357 is divided by 1568?
1221
What is the remainder when 1328921 is divided by 975?
971
Calculate the remainder when 22166 is divided by 7330.
176
Calculate the remainder when 265448 is divided by 33.
29
What is the remainder when 401670 is divided by 733?
719
What is the remainder when 96458 is divided by 161?
19
What is the remainder when 1274 is divided by 760?
514
What is the remainder when 86591 is divided by 12?
11
Calculate the remainder when 22569 is divided by 7519.
12
What is the remainder when 9627 is divided by 18?
15
What is the remainder when 441404 is divided by 129?
95
Calculate the remainder when 27086 is divided by 315.
311
What is the remainder when 5622 is divided by 1699?
525
Calculate the remainder when 12672 is divided by 82.
44
Calculate the remainder when 402256 is divided by 250.
6
What is the remainder when 2706 is divided by 310?
226
What is the remainder when 66435 is divided by 33165?
105
What is the remainder when 20416 is divided by 852?
820
Calculate the remainder when 259353 is divided by 27.
18
Calculate the remainder when 26874 is divided by 896.
890
What is the remainder when 388 is divided by 174?
40
Calculate the remainder when 35403 is divided by 11801.
0
Calculate the remainder when 435765 is divided by 209.
0
What is the remainder when 86375 is divided by 530?
515
What is the remainder when 3545 is divided by 1770?
5
What is the remainder when 10436 is divided by 2593?
64
Calculate the remainder when 1243 is divided by 41.
13
What is the remainder when 2249 is divided by 64?
9
What is the remainder when 5186 is divided by 19?
18
What is the remainder when 13699 is divided by 39?
10
What is the remainder when 11030 is divided by 5512?
6
Calculate the remainder when 604679 is divided by 20.
19
What is the remainder when 6328 is divided by 790?
8
What is the remainder when 2859 is divided by 333?
195
Calculate the remainder when 2343 is divided by 218.
163
What is the remainder when 2960240 is divided by 14?
10
What is the remainder when 192421 is divided by 48105?
1
What is the remainder when 56273 is divided by 47?
14
Calculate the remainder when 660 is divided by 647.
13
Calculate the remainder when 1941 is divided by 631.
48
What is the remainder when 18126 is divided by 8?
6
Calculate the remainder when 1927 is divided by 1180.
747
Calculate the remainder when 180511 is divided by 154.
23
Calculate the remainder when 138466 is divided by 454.
450
Calculate the remainder when 549791 is divided by 96.
95
What is the remainder when 7247 is divided by 1035?
2
Calculate the remainder when 39333 is divided by 43.
31
What is the remainder when 49750 is divided by 166?
116
Calculate the remainder when 6580989 is divided by 627.
624
Calculate the remainder when 17473 is divided by 2867.
271
What is the remainder when 60537 is divided by 60523?
14
Calculate the remainder when 42050 is divided by 14001.
47
What is the remainder when 51854 is divided by 78?
62
Calculate the remainder when 2386414 is divided by 21.
16
Calculate the remainder when 187749 is divided by 49.
30
Calculate the remainder when 196460 is divided by 83.
82
Calculate the remainder when 3739 is divided by 460.
59
What is the remainder when 7466 is divided by 3494?
478
What is the remainder when 552119 is divided by 139?
11
What is the remainder when 19750 is divided by 6583?
1
What is the remainder when 46632 is divided by 218?
198
Calculate the remainder when 2819 is divided by 753.
560
What is the remainder when 20395 is divided by 1275?
1270
What is the remainder when 4753 is divided by 461?
143
Calculate the remainder when 291647 is divided by 192.
191
What is the remainder when 2865 is divided by 2579?
286
Calculate the remainder when 12699 is divided by 46.
3
What is the remainder when 740 is divided by 105?
5
What is the remainder when 5644 is divided by 635?
564
Calculate the remainder when 226053 is divided by 54.
9
Calculate the remainder when 335 is divided by 26.
23
What is the remainder when 220809 is divided by 803?
787
Calculate the remainder when 24965 is divided by 41.
37
What is the remainder when 708768 is divided by 13?
8
Calculate the remainder when 1073 is divided by 114.
47
Calculate the remainder when 348073 is divided by 10237.
15
What is the remainder when 475308 is divided by 237643?
22
What is the remainder when 16276 is